 - s = 2*l - 27, -2*l - 3*s = -54. Suppose 195 = -l*y + 66*y. Let i(n) = 4*n - 5. What is i(y)?
15
Let m(g) = -g**3 - 10*g**2 + 23*g + 17. Let k be m(-12). Let c = k + -28. Let t(v) = -9*v - 2*v + 20*v + c - 10*v. What is t(2)?
-1
Let m(w) = w**2 + 33. Let o(l) = 585*l - 1755. Let f be o(3). Determine m(f).
33
Let y(r) = -r**2 - 51*r + 763. Let p be y(12). Let d(w) = -w**2 - 8*w + 12. Give d(p).
-93
Let g(b) = -b + 4. Let i = 53 + 28. Let t = i - 72. Suppose -6 - t = 5*y. Calculate g(y).
7
Let a(p) = -p + 87. Let b = -11076 - -11108. Give a(b).
55
Let u = -3138 + 3140. Let n(s) = 14*s - 5. What is n(u)?
23
Suppose 1831*f + 230 = 1836*f. Let t(d) = d**2 - 47*d + 46. Let k be t(f). Let o(l) = 2*l**3 - 15 + l**2 - 4*l**3 + l**3. Determine o(k).
-15
Let p(h) be the second derivative of -h**4/12 + 7*h**3/6 + 2*h**2 - 3*h. Let z = -22 + 30. Determine p(z).
-4
Let r(d) be the second derivative of 23*d**3/6 - 34*d**2 + 3834*d. What is r(3)?
1
Let p(v) = -14 - 5*v**2 + 18*v**2 - 294183*v + 294161*v + v**3. Calculate p(-14).
98
Let z(r) = r - 8. Suppose -42 = 4*m + 5*c + 21, 2*c = -m - 15. Suppose -2*b - o = 18, 0 = 2*o + o + 6. Let g = b - m. Give z(g).
1
Let p(y) be the second derivative of -7*y**4/12 + 5*y**3/3 - 2*y**2 + 17*y + 1. Let b(s) = -5*s**2 + 8*s - 3. Let u(q) = -5*b(q) + 4*p(q). Determine u(3).
-28
Let h be 54/(-4) - 411/822. Let q(a) = 4*a + 3. Determine q(h).
-53
Let i(w) = -4*w - 2*w + 1 + 0*w. Let f(q) = -q**3 + 7*q**2 + 13*q - 18. Let s be f(8). Suppose -19*n = -s*n - 3. Calculate i(n).
7
Let m(s) = -s**2 - 7*s + 5. Let f(i) = i**2 - 32*i + 150. Let j be f(6). Determine m(j).
11
Let g(w) be the first derivative of -4*w**3/3 - 3*w**2/2 - 3*w - 6641. What is g(2)?
-25
Let z = 80 + -79. Suppose c + 5 = z. Let m be (-3)/1*-5*c/10. Let u(x) = -x**2 - 6*x - 1. Give u(m).
-1
Let u(s) be the first derivative of -s**2/2 - s + 5. Suppose 7*n + 77 = -0*n. Let b = 6 + n. Calculate u(b).
4
Suppose -5 = -g, -4 = -2*s - 3*g + 5. Let i(o) = 42*o**3 - 41*o**3 - 65*o + 66*o - 3 + 4*o**2. Determine i(s).
3
Let t(p) = -4*p**2 - 13*p - 2. Let j(l) = -13*l**2 - 39*l - 4. Let n(u) = 2*j(u) - 7*t(u). Give n(-6).
0
Let n = -356 + 227. Let q be (n/(-18) - 2) + (-3)/18. Suppose -2 = -q*h + 3. Let c(k) = 6*k - 1. Give c(h).
5
Let r(g) = 453 + 448 - g + 457 - 1340. Determine r(9).
9
Let k be -1 - (-2 - -3) - -2. Suppose k*o - 8*o + 32 = 0. Let n(v) = -v**2 - 3*v + 5. Calculate n(o).
-23
Let j(z) = z**2 + 9*z + 4. Let h be (282/(-188))/((18/28)/3). Determine j(h).
-10
Let t(c) be the first derivative of -13/3*c**3 + 16*c + 40 + 1/4*c**4 + 5*c**2. Give t(12).
-8
Let x(w) = w + 2. Let c(q) = -q + 1. Let a(k) = -4*c(k) + x(k). Let t be a(1). Let j(y) = -y + 0*y**2 - 2*y**2 - y**2 + y**2. Give j(t).
-21
Let j(a) = -a**2 - 9. Let f = -25 + 203. Let u = f - 178. What is j(u)?
-9
Let f(b) = 0*b + 5238*b**2 - 5243*b**2 + b**3 + b - 32 + 36. Calculate f(5).
9
Let c(y) = -y**3 - 9*y**2 - 11*y + 23. Let d be c(-7). Let q be (-20)/7*7/(-2). Let f(g) = q*g - g**2 + 8 - 9 - 9*g. Give f(d).
-3
Let c be (-1060)/210 + 60/1260. Let b(m) = 2*m + 4*m + 3 + 0*m. Give b(c).
-27
Let y(g) be the first derivative of -g**4/4 + 26*g**3/3 + 16*g**2 - 132*g + 2452. Calculate y(27).
3
Let o(s) = -15*s**2 - 50 - 441*s + 173*s + 228*s. Let l(c) = 7*c**2 + 19*c + 24. Let i(n) = -13*l(n) - 6*o(n). Determine i(-5).
-2
Let d be (-28)/(-13) + (-52)/338. Let q(w) = -4*w**2 - 8*w + 11. What is q(d)?
-21
Let x(n) be the third derivative of -n**6/120 + 2*n**5/15 - n**4/4 - n**3 + 2*n**2. Suppose -17 = -5*f + 2*v, 16*f - 11*f - 4*v + 1 = 0. Determine x(f).
1
Let t(b) = -2*b + 61 - 10*b - 12*b + 26*b - 4*b. Give t(19).
23
Let n(k) be the second derivative of k**3 + k**2 - 1180*k. Let d be (-2)/4 - 42/12. Give n(d).
-22
Let i(o) = o**3 + 3*o**2 + 2*o. Let u(d) be the first derivative of -12 + 0*d**2 + d**2 - 9*d + 0*d**2 + 32*d. Let a be u(-13). Give i(a).
-6
Let i(y) = -27*y + 14. Let b(j) = 77*j - 39. Let s(w) = 6*b(w) + 17*i(w). Determine s(11).
37
Let h(x) = -x - 4. Suppose -5*f + 5 = 25. Let t be f/(-26) + 1833/169. Calculate h(t).
-15
Let c(y) = 35341539*y - 11*y**2 - 10 + 0*y**3 - y**3 + 0*y**3 - 35341534*y. Give c(-12).
74
Let k(i) be the third derivative of i**6/60 - i**5/4 - 7*i**4/24 - 7*i**3/3 + 182*i**2 + 4*i. Determine k(8).
-6
Let p(f) be the first derivative of -f**3/3 + 5*f**2/2 + 8*f - 3233. Calculate p(-2).
-6
Let c(p) = -p**2 - 8*p + 1. Suppose 0 = -11*a + 8*a - 1035. Let d be (-107)/15 - 46/a. Calculate c(d).
8
Let p(n) = 249*n - 11 + 21 - 252*n - 12. What is p(-5)?
13
Let l(h) = 3*h**2 - 13*h. Let i(f) = 2*f**2 - 7*f. Let z(d) = -5*i(d) + 3*l(d). Suppose 2*w + 12 = 2. Give z(w).
-5
Let x(i) = -13*i**2 + 8*i**2 + 64*i**3 - 8*i + 6 + 9*i**2 - 63*i**3. Determine x(-5).
21
Let p(a) be the first derivative of a**3/3 + 7*a**2/2 - 20*a + 5729. Let f(n) = -n**2 + n + 11. Let g be f(5). Calculate p(g).
-2
Let x(h) = 146822*h + 146759*h - 7 - 293709*h - 2*h**2. Give x(-64).
-7
Let w be 3 + -1 - 90/(-3). Let y be -29*(15/3 + -4). Let g = y + w. Let i(o) = 2*o**2 - 2*o - 4. Give i(g).
8
Let f = 1064 + -738. Let r = -321 + f. Let c(m) = m**2 - 5*m - 3. Give c(r).
-3
Let y(t) = 7*t**2 - t - 1. Suppose -12 = 2*v + 5*d - 2, d - 21 = -5*v. Let i be (5 - (v + 5))/(5/(-2)). Determine y(i).
25
Let s(f) = f**3 + 3*f**2 + 3*f + 5. Suppose -11 = -g + 4*k, -3*k - 13 = -g - 6. Calculate s(g).
-60
Let o be (-1 + 3)*(-1 + 2). Suppose -115 = -o*j - 3*j - 5*w, 2*w + 49 = 3*j. Let x(k) = -j + 7*k**2 + k**3 + 8 + 1 - 9*k. What is x(-8)?
-2
Let r be (-42 - -2) + (-7 - 4/(-2)). Let b be 3*((-6)/(-4))/(r/40). Let m(o) = o + 2. Give m(b).
-2
Let o(g) be the first derivative of -g**5/30 + g**4/6 + 7*g**2 + 143. Let d(h) be the second derivative of o(h). Calculate d(2).
0
Suppose 5*r - 2*u = -5*u - 44, -4*r - u = 38. Let g(d) = d**3 + 10*d**2 + 11*d - 7. Let l(j) = j**2 - 1. Let v(f) = -g(f) - l(f). Determine v(r).
18
Let a(w) = -w**2 - 4*w + 6. Let v(s) = s + 1. Let o be (10/(0 + 2))/1. Suppose o*h - 11*h - 6 = 0. Let c(l) = h*a(l) + 3*v(l). Calculate c(-7).
-3
Let n(s) be the second derivative of 7/2*s**2 + 5*s - 24 - 1/3*s**3. Determine n(-10).
27
Let m(w) = w**3 - 4*w**2 + w + 4. Let z = 7 + -3. Suppose 2*q - 4*a + z = 0, q + 0*q = -5*a - 37. Let h be 14/6 - 8/q. Calculate m(h).
-2
Let m(v) = v**3. Let a = -2 - 4. Let k(d) = 3*d**3 - 4*d**2 - 4*d - 2. Let f = 6862 - 6861. Let s(q) = a*m(q) + f*k(q). What is s(-2)?
14
Suppose -k - 4*g = 12, 102*g - 99*g = 5*k + 14. Let p(m) = -2*m**2 - m + 3. Give p(k).
-25
Let s(n) = -5*n - 2. Suppose 15*b - 62 = 58. Let d(c) = -6*c + 46. Let p be d(b). What is s(p)?
8
Let q(h) be the second derivative of 17*h**4/12 + 51*h**3/2 + 5*h**2 - 4033*h. Give q(-9).
10
Let o(g) = 3*g**2 - 17*g - 69. Let b(i) = -16*i**2 + 82*i + 344. Let d(z) = 2*b(z) + 11*o(z). Determine d(23).
-71
Let z = -28 + 34. Suppose 22 = z*f - 20. Suppose f*y + 16 = -19. Let w(t) = 2*t**2 + 7*t + 2. What is w(y)?
17
Suppose 0 = 5*l - 13 - 12, 3*g + 2*l - 16 = 0. Suppose 8 = -g*t + 6. Let z(k) = 11*k**2 - 10*k**2 - k + 4*k**3 + 5*k**3 + 2*k + 1. Calculate z(t).
-8
Let q(y) = -y**3 - y**2 - 6*y - 4. Let g be q(-2). Let v(o) = 7 - 2 + g - 3*o + 4*o. Give v(-7).
10
Let u(h) = h + 42. Let r(s) = 3*s + 83. Let y(j) = 6*r(j) - 13*u(j). Suppose -2608 = -755*i - 280 + 4467. Determine y(i).
-3
Let n(j) be the second derivative of -j**4/24 - j**3/3 + 68*j**2 + j + 25. Let t(p) be the first derivative of n(p). Determine t(-3).
1
Let s(r) = -r**2 + 7*r + 4. Let g(w) = 17*w + 7*w**2 - 2*w**2 - 6*w**2 - 2 + 2*w. Let j be g(18). Suppose 4*i = -0*z - 3*z + 28, i - j = -3*z. What is s(i)?
16
Let m be (4 + -7)*(258/(-18))/43. Let p(v) be the first derivative of -5*v**2 + v + 1. Calculate p(m).
-9
Suppose 3*t + 165 = -180. Let u = -114 - t. Let r(a) = -4*a + 1. What is r(u)?
-3
Let k(y) = -y**3 + 7*y**2 - 7*y + 5. Suppose 2*g = l + 11 - 3, -5*l - 3*g = 1. Let z be l/((18/12)/(-3)). Suppose z = -h - 3*f, -14 = -h + 8*f - 5*f. Give k(h).
20
Let z be 1/(91/(-42) + 2). Let f(g) be the third derivative of -g**5/60 - 5*g**4/12 - 5*g**3/6 + g**2 + 138. Determine f(z).
19
Let a(o) = -3*o - 1581*o**3 + 234 + 1582*o**3 - o**2 - 232. Calculate a(0).
2
Let y(i) = 23*i - 116. Let p be y(5). Let w be p*(-25)/(-10)*(-16)/(-5). Let v(u) = u**2 + 8*